{"id":2,"date":"2026-03-24T04:15:58","date_gmt":"2026-03-24T04:15:58","guid":{"rendered":"https:\/\/centrodebioenergiamedica.com\/?page_id=2"},"modified":"2026-03-24T04:51:25","modified_gmt":"2026-03-24T04:51:25","slug":"sample-page","status":"publish","type":"page","link":"https:\/\/centrodebioenergiamedica.com\/index.php\/sample-page\/","title":{"rendered":"Formaci\u00f3n Profesional"},"content":{"rendered":"\n<p class=\"has-text-align-center\"><strong>ELISEO CRUZ SOLIS<\/strong>&nbsp;<\/p>\n\n\n\n<p class=\"has-text-align-center\"><strong>TERAPEUTA PROFESIONAL<\/strong>&nbsp;<\/p>\n\n\n\n<p><strong>Certificado de Competencia Laboral N\u00famero ECO02017 de la&nbsp;Secretar\u00eda de Educaci\u00f3n P\u00fablica (SEP).&nbsp;&nbsp;<\/strong>&nbsp;<\/p>\n\n\n\n<p>ESPECIALIZADO EN BIOENERG\u00cdA MEDICA, CIRUG\u00cdA PS\u00cdQUICA, QUIROPRAXIA, REIKI NIVEL 1, 2 Y 3 GRADO MAESTR\u00cdA EN CANALIZADOR DE ENERG\u00cdA, CURACI\u00d3N A DISTANCIA, HIPNOTERAPIA, BIOENERG\u00cdA MEDICA, BIOMAGNETISMO MEDICO, PSICOTR\u00d3NICA, IMPOSICI\u00d3N DE MANOS, ENTRE OTRAS ESPECIALIDADES.&nbsp;<\/p>\n\n\n\n<p>CITAS AL TELEFONO. 961 181 23 41<\/p>\n\n\n\n<figure class=\"wp-block-image size-large\"><img loading=\"lazy\" decoding=\"async\" width=\"1024\" height=\"683\" src=\"https:\/\/centrodebioenergiamedica.com\/wp-content\/uploads\/2026\/03\/image-1024x683.png\" alt=\"\" class=\"wp-image-13\" srcset=\"https:\/\/centrodebioenergiamedica.com\/wp-content\/uploads\/2026\/03\/image-1024x683.png 1024w, https:\/\/centrodebioenergiamedica.com\/wp-content\/uploads\/2026\/03\/image-300x200.png 300w, https:\/\/centrodebioenergiamedica.com\/wp-content\/uploads\/2026\/03\/image-768x512.png 768w, https:\/\/centrodebioenergiamedica.com\/wp-content\/uploads\/2026\/03\/image.png 1536w\" sizes=\"auto, (max-width: 1024px) 100vw, 1024px\" \/><\/figure>\n","protected":false},"excerpt":{"rendered":"<p>ELISEO CRUZ SOLIS&nbsp; TERAPEUTA PROFESIONAL&nbsp; Certificado de Competencia Laboral N\u00famero ECO02017 de la&nbsp;Secretar\u00eda de Educaci\u00f3n P\u00fablica (SEP).&nbsp;&nbsp;&nbsp; ESPECIALIZADO EN BIOENERG\u00cdA MEDICA, CIRUG\u00cdA PS\u00cdQUICA, QUIROPRAXIA, REIKI NIVEL 1, 2 Y 3 GRADO MAESTR\u00cdA EN CANALIZADOR DE ENERG\u00cdA, CURACI\u00d3N A DISTANCIA, HIPNOTERAPIA, BIOENERG\u00cdA MEDICA, BIOMAGNETISMO MEDICO, PSICOTR\u00d3NICA, IMPOSICI\u00d3N DE MANOS, ENTRE OTRAS ESPECIALIDADES.&nbsp; CITAS AL TELEFONO. 961 [&hellip;]<\/p>\n","protected":false},"author":1,"featured_media":0,"parent":0,"menu_order":0,"comment_status":"closed","ping_status":"open","template":"","meta":{"footnotes":""},"class_list":["post-2","page","type-page","status-publish","hentry"],"_links":{"self":[{"href":"https:\/\/centrodebioenergiamedica.com\/index.php\/wp-json\/wp\/v2\/pages\/2","targetHints":{"allow":["GET"]}}],"collection":[{"href":"https:\/\/centrodebioenergiamedica.com\/index.php\/wp-json\/wp\/v2\/pages"}],"about":[{"href":"https:\/\/centrodebioenergiamedica.com\/index.php\/wp-json\/wp\/v2\/types\/page"}],"author":[{"embeddable":true,"href":"https:\/\/centrodebioenergiamedica.com\/index.php\/wp-json\/wp\/v2\/users\/1"}],"replies":[{"embeddable":true,"href":"https:\/\/centrodebioenergiamedica.com\/index.php\/wp-json\/wp\/v2\/comments?post=2"}],"version-history":[{"count":1,"href":"https:\/\/centrodebioenergiamedica.com\/index.php\/wp-json\/wp\/v2\/pages\/2\/revisions"}],"predecessor-version":[{"id":14,"href":"https:\/\/centrodebioenergiamedica.com\/index.php\/wp-json\/wp\/v2\/pages\/2\/revisions\/14"}],"wp:attachment":[{"href":"https:\/\/centrodebioenergiamedica.com\/index.php\/wp-json\/wp\/v2\/media?parent=2"}],"curies":[{"name":"wp","href":"https:\/\/api.w.org\/{rel}","templated":true}]}}